{"id":1067,"date":"2023-12-13T17:23:45","date_gmt":"2023-12-13T20:23:45","guid":{"rendered":"https:\/\/selodeminas.com.br\/?post_type=product&#038;p=1067"},"modified":"2024-09-05T12:25:30","modified_gmt":"2024-09-05T15:25:30","slug":"cachaca-ouro-vale-da-canastra-670ml","status":"publish","type":"product","link":"https:\/\/selodeminas.com.br\/index.php\/product\/cachaca-ouro-vale-da-canastra-670ml\/","title":{"rendered":"Cacha\u00e7a Ouro &#8211; Vale da Canastra (670ml)"},"content":{"rendered":"<p>Descubra a tradi\u00e7\u00e3o aut\u00eantica da cacha\u00e7a Ouro Vale da Canastra. Destilada com maestria nas montanhas de Minas Gerais, esta cacha\u00e7a premium \u00e9 o resultado de anos de expertise e paix\u00e3o. Deixe-se envolver pelos aromas e sabores \u00fanicos desta bebida artesanal, perfeita para momentos especiais e para apresentar aqueles que apreciam o que h\u00e1 de melhor. Experimente a cacha\u00e7a Ouro Vale da Canastra e mergulhe a riqueza da cultura brasileira em cada gole.<br \/>\nFiltrada no carv\u00e3o vegetal, descansada em ton\u00e9is de madeira. Macia, com aroma agrad\u00e1vel, desce e n\u00e3o queima. O verdadeiro sabor das melhores cacha\u00e7as de Minas Gerais.<\/p>\n<p>Teor Alco\u00f3lico: 39% vol.<br \/>\nCont. L\u00edq.: 670 ml<\/p>\n<p>&nbsp;<\/p>\n","protected":false},"excerpt":{"rendered":"<p>Cacha\u00e7a Ouro Vale da Canastra, produzida na Serra da Canastra, o verdadeiro sabor das melhores cacha\u00e7as de Minas Gerais. Filtrada no Carv\u00e3o Vegetal.<br \/>\nTeor Alco\u00f3lico 39% vol.<br \/>\nCont. L\u00edq.: 670 ml<\/p>\n","protected":false},"featured_media":1183,"comment_status":"open","ping_status":"closed","template":"","meta":[],"product_brand":[],"product_cat":[66,67,15],"product_tag":[],"class_list":{"0":"post-1067","1":"product","2":"type-product","3":"status-publish","4":"has-post-thumbnail","6":"product_cat-cachaca","7":"product_cat-ouro","8":"product_cat-uncategorized","10":"first","11":"outofstock","12":"taxable","13":"shipping-taxable","14":"purchasable","15":"product-type-simple"},"yoast_head":"<!-- This site is optimized with the Yoast SEO plugin v27.3 - https:\/\/yoast.com\/product\/yoast-seo-wordpress\/ -->\n<title>Cacha\u00e7a Ouro - Vale da Canastra (670ml) - Selo de Minas<\/title>\n<meta name=\"description\" content=\"Cacha\u00e7a Ouro Vale da Canastra \u00e9 filtrada no Carv\u00e3o Vegetal e tem o sabor das melhores cacha\u00e7as de Minas Gerais. Cont\u00e9m: 670 ml.\" \/>\n<meta name=\"robots\" content=\"index, follow, max-snippet:-1, max-image-preview:large, max-video-preview:-1\" \/>\n<link rel=\"canonical\" href=\"https:\/\/selodeminas.com.br\/index.php\/product\/cachaca-ouro-vale-da-canastra-670ml\/\" \/>\n<meta property=\"og:locale\" content=\"pt_BR\" \/>\n<meta property=\"og:type\" content=\"article\" \/>\n<meta property=\"og:title\" content=\"Cacha\u00e7a Ouro - Vale da Canastra (670ml) - Selo de Minas\" \/>\n<meta property=\"og:description\" content=\"Cacha\u00e7a Ouro Vale da Canastra \u00e9 filtrada no Carv\u00e3o Vegetal e tem o sabor das melhores cacha\u00e7as de Minas Gerais. Cont\u00e9m: 670 ml.\" \/>\n<meta property=\"og:url\" content=\"https:\/\/selodeminas.com.br\/index.php\/product\/cachaca-ouro-vale-da-canastra-670ml\/\" \/>\n<meta property=\"og:site_name\" content=\"Selo de Minas\" \/>\n<meta property=\"article:publisher\" content=\"https:\/\/www.facebook.com\/people\/Selodeminas\/61552684990887\/?locale=pt_BR\" \/>\n<meta property=\"article:modified_time\" content=\"2024-09-05T15:25:30+00:00\" \/>\n<meta property=\"og:image\" content=\"https:\/\/selodeminas.com.br\/wp-content\/uploads\/2024\/01\/Cachaca-ouro-Vale-da-Canastra-1.jpg\" \/>\n\t<meta property=\"og:image:width\" content=\"1200\" \/>\n\t<meta property=\"og:image:height\" content=\"1600\" \/>\n\t<meta property=\"og:image:type\" content=\"image\/jpeg\" \/>\n<meta name=\"twitter:card\" content=\"summary_large_image\" \/>\n<meta name=\"twitter:label1\" content=\"Est. tempo de leitura\" \/>\n\t<meta name=\"twitter:data1\" content=\"1 minuto\" \/>\n<script type=\"application\/ld+json\" class=\"yoast-schema-graph\">{\"@context\":\"https:\\\/\\\/schema.org\",\"@graph\":[{\"@type\":\"WebPage\",\"@id\":\"https:\\\/\\\/selodeminas.com.br\\\/index.php\\\/product\\\/cachaca-ouro-vale-da-canastra-670ml\\\/\",\"url\":\"https:\\\/\\\/selodeminas.com.br\\\/index.php\\\/product\\\/cachaca-ouro-vale-da-canastra-670ml\\\/\",\"name\":\"Cacha\u00e7a Ouro - Vale da Canastra (670ml) - Selo de Minas\",\"isPartOf\":{\"@id\":\"https:\\\/\\\/selodeminas.com.br\\\/#website\"},\"primaryImageOfPage\":{\"@id\":\"https:\\\/\\\/selodeminas.com.br\\\/index.php\\\/product\\\/cachaca-ouro-vale-da-canastra-670ml\\\/#primaryimage\"},\"image\":{\"@id\":\"https:\\\/\\\/selodeminas.com.br\\\/index.php\\\/product\\\/cachaca-ouro-vale-da-canastra-670ml\\\/#primaryimage\"},\"thumbnailUrl\":\"https:\\\/\\\/selodeminas.com.br\\\/wp-content\\\/uploads\\\/2024\\\/01\\\/Cachaca-ouro-Vale-da-Canastra-1.jpg\",\"datePublished\":\"2023-12-13T20:23:45+00:00\",\"dateModified\":\"2024-09-05T15:25:30+00:00\",\"description\":\"Cacha\u00e7a Ouro Vale da Canastra \u00e9 filtrada no Carv\u00e3o Vegetal e tem o sabor das melhores cacha\u00e7as de Minas Gerais. Cont\u00e9m: 670 ml.\",\"breadcrumb\":{\"@id\":\"https:\\\/\\\/selodeminas.com.br\\\/index.php\\\/product\\\/cachaca-ouro-vale-da-canastra-670ml\\\/#breadcrumb\"},\"inLanguage\":\"pt-BR\",\"potentialAction\":[{\"@type\":\"ReadAction\",\"target\":[\"https:\\\/\\\/selodeminas.com.br\\\/index.php\\\/product\\\/cachaca-ouro-vale-da-canastra-670ml\\\/\"]}]},{\"@type\":\"ImageObject\",\"inLanguage\":\"pt-BR\",\"@id\":\"https:\\\/\\\/selodeminas.com.br\\\/index.php\\\/product\\\/cachaca-ouro-vale-da-canastra-670ml\\\/#primaryimage\",\"url\":\"https:\\\/\\\/selodeminas.com.br\\\/wp-content\\\/uploads\\\/2024\\\/01\\\/Cachaca-ouro-Vale-da-Canastra-1.jpg\",\"contentUrl\":\"https:\\\/\\\/selodeminas.com.br\\\/wp-content\\\/uploads\\\/2024\\\/01\\\/Cachaca-ouro-Vale-da-Canastra-1.jpg\",\"width\":1200,\"height\":1600},{\"@type\":\"BreadcrumbList\",\"@id\":\"https:\\\/\\\/selodeminas.com.br\\\/index.php\\\/product\\\/cachaca-ouro-vale-da-canastra-670ml\\\/#breadcrumb\",\"itemListElement\":[{\"@type\":\"ListItem\",\"position\":1,\"name\":\"In\u00edcio\",\"item\":\"https:\\\/\\\/selodeminas.com.br\\\/\"},{\"@type\":\"ListItem\",\"position\":2,\"name\":\"Produtos selecionados\",\"item\":\"https:\\\/\\\/selodeminas.com.br\\\/index.php\\\/produtos-selecionados\\\/\"},{\"@type\":\"ListItem\",\"position\":3,\"name\":\"Cacha\u00e7a Ouro &#8211; Vale da Canastra (670ml)\"}]},{\"@type\":\"WebSite\",\"@id\":\"https:\\\/\\\/selodeminas.com.br\\\/#website\",\"url\":\"https:\\\/\\\/selodeminas.com.br\\\/\",\"name\":\"Selo de Minas\",\"description\":\"SelodeMinas.com.br \u00e9 um site dedicado a oferecer selos de qualidade e certifica\u00e7\u00e3o para produtos e servi\u00e7os produzidos em Minas Gerais, Brasil.\",\"publisher\":{\"@id\":\"https:\\\/\\\/selodeminas.com.br\\\/#organization\"},\"alternateName\":\"www.selodeminas.com.br\",\"potentialAction\":[{\"@type\":\"SearchAction\",\"target\":{\"@type\":\"EntryPoint\",\"urlTemplate\":\"https:\\\/\\\/selodeminas.com.br\\\/?s={search_term_string}\"},\"query-input\":{\"@type\":\"PropertyValueSpecification\",\"valueRequired\":true,\"valueName\":\"search_term_string\"}}],\"inLanguage\":\"pt-BR\"},{\"@type\":\"Organization\",\"@id\":\"https:\\\/\\\/selodeminas.com.br\\\/#organization\",\"name\":\"Selo de Mias\",\"alternateName\":\"www.selodeminas.com.br\",\"url\":\"https:\\\/\\\/selodeminas.com.br\\\/\",\"logo\":{\"@type\":\"ImageObject\",\"inLanguage\":\"pt-BR\",\"@id\":\"https:\\\/\\\/selodeminas.com.br\\\/#\\\/schema\\\/logo\\\/image\\\/\",\"url\":\"https:\\\/\\\/selodeminas.com.br\\\/wp-content\\\/uploads\\\/2023\\\/11\\\/cropped-base_logo_transparent_background.png\",\"contentUrl\":\"https:\\\/\\\/selodeminas.com.br\\\/wp-content\\\/uploads\\\/2023\\\/11\\\/cropped-base_logo_transparent_background.png\",\"width\":512,\"height\":512,\"caption\":\"Selo de Mias\"},\"image\":{\"@id\":\"https:\\\/\\\/selodeminas.com.br\\\/#\\\/schema\\\/logo\\\/image\\\/\"},\"sameAs\":[\"https:\\\/\\\/www.facebook.com\\\/people\\\/Selodeminas\\\/61552684990887\\\/?locale=pt_BR\",\"https:\\\/\\\/www.instagram.com\\\/selodeminas\\\/\"]}]}<\/script>\n<!-- \/ Yoast SEO plugin. -->","yoast_head_json":{"title":"Cacha\u00e7a Ouro - Vale da Canastra (670ml) - Selo de Minas","description":"Cacha\u00e7a Ouro Vale da Canastra \u00e9 filtrada no Carv\u00e3o Vegetal e tem o sabor das melhores cacha\u00e7as de Minas Gerais. Cont\u00e9m: 670 ml.","robots":{"index":"index","follow":"follow","max-snippet":"max-snippet:-1","max-image-preview":"max-image-preview:large","max-video-preview":"max-video-preview:-1"},"canonical":"https:\/\/selodeminas.com.br\/index.php\/product\/cachaca-ouro-vale-da-canastra-670ml\/","og_locale":"pt_BR","og_type":"article","og_title":"Cacha\u00e7a Ouro - Vale da Canastra (670ml) - Selo de Minas","og_description":"Cacha\u00e7a Ouro Vale da Canastra \u00e9 filtrada no Carv\u00e3o Vegetal e tem o sabor das melhores cacha\u00e7as de Minas Gerais. Cont\u00e9m: 670 ml.","og_url":"https:\/\/selodeminas.com.br\/index.php\/product\/cachaca-ouro-vale-da-canastra-670ml\/","og_site_name":"Selo de Minas","article_publisher":"https:\/\/www.facebook.com\/people\/Selodeminas\/61552684990887\/?locale=pt_BR","article_modified_time":"2024-09-05T15:25:30+00:00","og_image":[{"width":1200,"height":1600,"url":"https:\/\/selodeminas.com.br\/wp-content\/uploads\/2024\/01\/Cachaca-ouro-Vale-da-Canastra-1.jpg","type":"image\/jpeg"}],"twitter_card":"summary_large_image","twitter_misc":{"Est. tempo de leitura":"1 minuto"},"schema":{"@context":"https:\/\/schema.org","@graph":[{"@type":"WebPage","@id":"https:\/\/selodeminas.com.br\/index.php\/product\/cachaca-ouro-vale-da-canastra-670ml\/","url":"https:\/\/selodeminas.com.br\/index.php\/product\/cachaca-ouro-vale-da-canastra-670ml\/","name":"Cacha\u00e7a Ouro - Vale da Canastra (670ml) - Selo de Minas","isPartOf":{"@id":"https:\/\/selodeminas.com.br\/#website"},"primaryImageOfPage":{"@id":"https:\/\/selodeminas.com.br\/index.php\/product\/cachaca-ouro-vale-da-canastra-670ml\/#primaryimage"},"image":{"@id":"https:\/\/selodeminas.com.br\/index.php\/product\/cachaca-ouro-vale-da-canastra-670ml\/#primaryimage"},"thumbnailUrl":"https:\/\/selodeminas.com.br\/wp-content\/uploads\/2024\/01\/Cachaca-ouro-Vale-da-Canastra-1.jpg","datePublished":"2023-12-13T20:23:45+00:00","dateModified":"2024-09-05T15:25:30+00:00","description":"Cacha\u00e7a Ouro Vale da Canastra \u00e9 filtrada no Carv\u00e3o Vegetal e tem o sabor das melhores cacha\u00e7as de Minas Gerais. Cont\u00e9m: 670 ml.","breadcrumb":{"@id":"https:\/\/selodeminas.com.br\/index.php\/product\/cachaca-ouro-vale-da-canastra-670ml\/#breadcrumb"},"inLanguage":"pt-BR","potentialAction":[{"@type":"ReadAction","target":["https:\/\/selodeminas.com.br\/index.php\/product\/cachaca-ouro-vale-da-canastra-670ml\/"]}]},{"@type":"ImageObject","inLanguage":"pt-BR","@id":"https:\/\/selodeminas.com.br\/index.php\/product\/cachaca-ouro-vale-da-canastra-670ml\/#primaryimage","url":"https:\/\/selodeminas.com.br\/wp-content\/uploads\/2024\/01\/Cachaca-ouro-Vale-da-Canastra-1.jpg","contentUrl":"https:\/\/selodeminas.com.br\/wp-content\/uploads\/2024\/01\/Cachaca-ouro-Vale-da-Canastra-1.jpg","width":1200,"height":1600},{"@type":"BreadcrumbList","@id":"https:\/\/selodeminas.com.br\/index.php\/product\/cachaca-ouro-vale-da-canastra-670ml\/#breadcrumb","itemListElement":[{"@type":"ListItem","position":1,"name":"In\u00edcio","item":"https:\/\/selodeminas.com.br\/"},{"@type":"ListItem","position":2,"name":"Produtos selecionados","item":"https:\/\/selodeminas.com.br\/index.php\/produtos-selecionados\/"},{"@type":"ListItem","position":3,"name":"Cacha\u00e7a Ouro &#8211; Vale da Canastra (670ml)"}]},{"@type":"WebSite","@id":"https:\/\/selodeminas.com.br\/#website","url":"https:\/\/selodeminas.com.br\/","name":"Selo de Minas","description":"SelodeMinas.com.br \u00e9 um site dedicado a oferecer selos de qualidade e certifica\u00e7\u00e3o para produtos e servi\u00e7os produzidos em Minas Gerais, Brasil.","publisher":{"@id":"https:\/\/selodeminas.com.br\/#organization"},"alternateName":"www.selodeminas.com.br","potentialAction":[{"@type":"SearchAction","target":{"@type":"EntryPoint","urlTemplate":"https:\/\/selodeminas.com.br\/?s={search_term_string}"},"query-input":{"@type":"PropertyValueSpecification","valueRequired":true,"valueName":"search_term_string"}}],"inLanguage":"pt-BR"},{"@type":"Organization","@id":"https:\/\/selodeminas.com.br\/#organization","name":"Selo de Mias","alternateName":"www.selodeminas.com.br","url":"https:\/\/selodeminas.com.br\/","logo":{"@type":"ImageObject","inLanguage":"pt-BR","@id":"https:\/\/selodeminas.com.br\/#\/schema\/logo\/image\/","url":"https:\/\/selodeminas.com.br\/wp-content\/uploads\/2023\/11\/cropped-base_logo_transparent_background.png","contentUrl":"https:\/\/selodeminas.com.br\/wp-content\/uploads\/2023\/11\/cropped-base_logo_transparent_background.png","width":512,"height":512,"caption":"Selo de Mias"},"image":{"@id":"https:\/\/selodeminas.com.br\/#\/schema\/logo\/image\/"},"sameAs":["https:\/\/www.facebook.com\/people\/Selodeminas\/61552684990887\/?locale=pt_BR","https:\/\/www.instagram.com\/selodeminas\/"]}]}},"jetpack_sharing_enabled":true,"_links":{"self":[{"href":"https:\/\/selodeminas.com.br\/index.php\/wp-json\/wp\/v2\/product\/1067","targetHints":{"allow":["GET"]}}],"collection":[{"href":"https:\/\/selodeminas.com.br\/index.php\/wp-json\/wp\/v2\/product"}],"about":[{"href":"https:\/\/selodeminas.com.br\/index.php\/wp-json\/wp\/v2\/types\/product"}],"replies":[{"embeddable":true,"href":"https:\/\/selodeminas.com.br\/index.php\/wp-json\/wp\/v2\/comments?post=1067"}],"wp:featuredmedia":[{"embeddable":true,"href":"https:\/\/selodeminas.com.br\/index.php\/wp-json\/wp\/v2\/media\/1183"}],"wp:attachment":[{"href":"https:\/\/selodeminas.com.br\/index.php\/wp-json\/wp\/v2\/media?parent=1067"}],"wp:term":[{"taxonomy":"product_brand","embeddable":true,"href":"https:\/\/selodeminas.com.br\/index.php\/wp-json\/wp\/v2\/product_brand?post=1067"},{"taxonomy":"product_cat","embeddable":true,"href":"https:\/\/selodeminas.com.br\/index.php\/wp-json\/wp\/v2\/product_cat?post=1067"},{"taxonomy":"product_tag","embeddable":true,"href":"https:\/\/selodeminas.com.br\/index.php\/wp-json\/wp\/v2\/product_tag?post=1067"}],"curies":[{"name":"wp","href":"https:\/\/api.w.org\/{rel}","templated":true}]}}